termine n(s).
-10
Let s(l) = 1 + 89*l**2 + 6*l + 43*l**2 - 136*l**2 - l - 3*l. Calculate s(-1).
-5
Let k(z) = -4893*z**2 - z + 51 - 4900*z**2 - 22 - z**3 + 9784*z**2. What is k(-9)?
38
Let b(d) = -d**3 - 8*d**2 - 11*d + 2. Suppose 30*g + 2 = -2*q + 29*g, -2*q + 3*g = 10. Determine b(q).
0
Let k(l) = l**2 + l - 4. Suppose -118 = -10*b - 188. Give k(b).
38
Suppose 3*z + 3*l = 0, 0*l - l = 5*z + 8. Let c be z + 1 + 0 + -1. Let s(n) be the second derivative of n**4/6 + n**3/2 + 4188*n. Give s(c).
2
Let r(a) = -a**3 - 107 + 4*a + 108 + 4*a**2 - 3*a. Suppose 0*u - 4*u = 0. Suppose u*p - q + 18 = 5*p, -4*p + 3*q + 22 = 0. Give r(p).
5
Let k be (15/6 + -2)/(1/260). Let q = 74 - k. Let u = q - -58. Let g(z) = -2*z**2 - 1. What is g(u)?
-9
Let p(q) = -1244*q + 2485*q + 13 - 1239*q. Give p(-7).
-1
Let i(a) = a**2 + 7*a - 5. Let p(x) = -3*x**2 + 3*x**3 + 0 + 7*x**2 - 3*x - 2*x**3 - 9. Let d be p(-4). Suppose 2 - 20 = d*j. Calculate i(j).
-11
Let o(d) = 7*d**2 + 34*d - 4. Let a = -2321 + 2316. Determine o(a).
1
Let s(y) = 10*y + y**2 + 2*y - 7*y. Let a = 30 + -34. Let v be s(a). Let z(q) = -q - 2. Calculate z(v).
2
Suppose -20 = -4*v + 3*x - 7*x, 10 = 2*x. Suppose v*c = -3*q - c - 49, -5*c - 53 = 3*q. Let s(d) = -d**2 - 16*d. Calculate s(q).
0
Let s(t) be the second derivative of -t**5/20 + 13*t**4/4 - 19*t**3/3 - 19*t**2/2 - 7330*t. Calculate s(38).
-19
Suppose 185*t - 172*t = -143. Let z(d) = -d**3 - 12*d**2 - 11*d + 1. What is z(t)?
1
Let m(a) = a**2 + 2*a - 3. Let d = -732 - -736. Suppose 0 = d*s - q - 4*q - 23, 3*s = -4*q - 6. Calculate m(s).
5
Let p(b) = 30 + 295159*b**2 + 6*b - 2*b**3 - 295179*b**2 - 21*b. Give p(-9).
3
Suppose 0*i - 3*i = 9, c - i - 5 = 0. Let n(b) = c*b**2 - 5 + b**2 + 190*b**3 - 5*b - 189*b**3. Give n(-4).
-1
Let t(f) = -f**3 + 19*f**2 - 39*f + 87. Suppose 2331*x - 2237*x = 1598. Calculate t(x).
2
Let u(m) = -26*m - 4. Let c(w) = 50*w + 7. Let j(d) = -3*c(d) - 6*u(d). Let g = 8 + -5. Calculate j(g).
21
Let m(p) = p**2 - 2*p - 33. Let h(w) = 2*w**2 - 26*w - 329. Let s be h(21). Calculate m(s).
2
Let u(d) = d**2 + d + 4. Let z(a) = -a**3 - 10*a**2 + 6*a - 1. Let o(t) = -4*u(t) - z(t). What is o(-8)?
-63
Let r(m) = -134 - m + 23*m + 19 + m**2 + 194. What is r(-14)?
-33
Let y be (1 + 0)/(-6*(-7)/42). Let l(j) = 11*j**2 + 5*j - 8. Let f(o) = 21*o**2 + 9*o - 14. Let b(v) = 4*f(v) - 7*l(v). Determine b(y).
8
Let v(u) = -u**2 + 3*u - 5. Let j(h) = -185*h + 191. Let t be j(1). Give v(t).
-23
Let u(r) = r**3 + 5*r**2 + 8*r + 13. Let m be -2 + (-2 - 0)*-9. Suppose 0 = -8*c + 12*c + m. Let k be u(c). Let f(b) = b**2 + 5*b - 4. Give f(k).
-10
Suppose -13*x = -13*x - 13*x + 91. Let n(a) = -2*a**3 + 14*a**2 - 2*a + 19. What is n(x)?
5
Let k(x) = -5*x + 148. Let g be 78/(-27)*((-7440)/816 + 2/17). Calculate k(g).
18
Let x = -1 + 0. Let t be 1*(-9)/54*0. Let s(f) = 0*f - 4*f**3 - 30*f**2 + t*f + f + 65*f**2 - 33*f**2. Calculate s(x).
5
Suppose -4 = 5*u - 4*u. Let y(l) = -29*l - 2. Let t be y(u). Let z = 119 - t. Let p(r) = 4*r - 4. What is p(z)?
16
Suppose 30*u + 12122 = 2252. Let v = u - -326. Let c(k) = k - 3*k + k. Determine c(v).
3
Let l(y) = -3*y**3 + 15*y**2 - 101. Let u(o) = 5*o**3 - 23*o**2 - o + 155. Let c(p) = -8*l(p) - 5*u(p). What is c(-3)?
0
Let u = 74 + -66. Suppose 2*t + 42 = u*t. Let i(k) = 3*k - 6*k + 2 + 4*k. What is i(t)?
9
Suppose 126*q = 97*q. Let r(j) = q*j**2 + j**2 - 6*j**2 + 6*j + 6*j**2 + 15*j + 22. What is r(-20)?
2
Let p(r) = 214*r**2 + 219*r**2 - 4*r + 8 - r**3 - 440*r**2 + 2*r. Let y be (-35)/(-4) - 9/(-36). Suppose -11*c + y*c = 12. Determine p(c).
-16
Let f(z) = 63 - 133 - 7*z + 77 + 5*z. Let s = 57 + -54. Determine f(s).
1
Suppose -471 - 156 = -77*h - 88. Let d(b) = -b**3 + 9*b**2 - 13*b - 5. What is d(h)?
2
Let u(t) = -4*t + 19. Suppose -4*l - d + 29 = 19, 3*l = -d + 7. What is u(l)?
7
Let a(s) = -s**3 + s - 1. Let b(c) = -c**3 - 10*c**2 + 13*c - 15. Let m(i) = 2*a(i) - b(i). Suppose -560*l = -499*l - 549. Determine m(l).
-5
Suppose -y = 12*l - 220, 5*y - 57 = -5*l + 53. Let d(h) = h**2 - 21*h + 56. What is d(l)?
2
Let m(l) = 4*l**2 + 84*l + 3. Let o be m(-21). Let g(s) = -o*s + 9*s + 6 - 5*s + 2*s + 3*s + s**2. Determine g(-7).
13
Suppose 10*f - 7*f = 0. Let z(k) be the first derivative of -k**3/3 - 35*k - 1152. Calculate z(f).
-35
Suppose 5*g - 927*s - 13 = -929*s, -4*s = 4*g + 4. Let o(y) = -2*y**3 + 11*y**2 - 6*y - 10. What is o(g)?
-15
Let f(h) = 10*h - 13. Let g be 2 + (-49)/(-21)*-3. Give f(g).
-63
Let r(d) = d + 3*d**2 - 2*d - 2*d - 14. Let j(y) = y**2 + 33*y + 31*y + 35*y - 5 - 100*y. Let p(f) = 11*j(f) - 4*r(f). What is p(2)?
-1
Let l(d) = -11*d - 2 + 39 - 123 + 38. Determine l(-5).
7
Let c(v) = -5*v**3 - 8*v**2 + 3*v - 10. Let a(o) = -11*o**3 - 17*o**2 + 7*o - 21. Let h(w) = 6*a(w) - 13*c(w). Let y be (-6)/((-150)/45 + 20/15). Give h(y).
4
Suppose -20*o - 25 + 85 = 0. Let f(v) = 15*v + o - 4*v + v**2 - 10*v - 3. Determine f(-2).
2
Let x(p) be the first derivative of -p**4/4 + 8*p**3/3 - 7*p**2/2 + 10*p + 2591. What is x(7)?
10
Let r(v) = -30*v**2 - 21*v - 3. Let u(p) = -30*p**2 - 16*p - 2. Let w(h) = 3*r(h) - 4*u(h). Calculate w(1).
30
Suppose 8*g - 51 - 5 = 0. Let b(f) = f + 14. Let a be b(-9). Let q(w) = -2 + 1 - a*w + 3*w. What is q(g)?
-15
Let u(f) = 3*f**2 + 79*f + 479. Let a be u(-17). Let k(t) = -26*t - 5. Let i(z) = 13*z + 2. Let b(x) = 5*i(x) + 2*k(x). Give b(a).
39
Let v(s) = 2*s + 4. Suppose 0 = -3*q + 16*q - 26. Let c(b) = b**2 - 5*b + 2. Let j be c(q). What is v(j)?
-4
Suppose -13*h = -12*h + 16*h + 119. Let j(m) = -m**3 - 8*m**2 - 5. Calculate j(h).
-54
Let w = 368 + -363. Let f(q) = w - q + 2*q - 1 + 4 - 3. What is f(-10)?
-5
Let m(k) = 2*k**3 - 2*k**2 + k + 1. Let y(h) = 5*h**3 + 2*h**2 - 6*h - 25. Let v(q) = -2*m(q) + y(q). Calculate v(-7).
-20
Let n(j) be the third derivative of -5*j**4/24 + 9*j**2. Let l = 81 + -81. Let f = l - -4. Determine n(f).
-20
Suppose 4*y - 37*y = 41 - 371. Let p(i) = -2*i**2 - 8*i - 1. Let m(h) = 5*h**2 + 15*h + 3. Let d(s) = 3*m(s) + 7*p(s). Calculate d(y).
-8
Let k(p) be the first derivative of p**3/3 + p**2/2 - 1. Suppose 4*w - 447 = -307. Let j be 14/w + 8/5. Determine k(j).
6
Let w(i) = -57*i - 6. Let c(d) = -46*d - 10. Let h(g) = -5*c(g) + 4*w(g). Give h(-13).
0
Suppose -86*k = -92*k - 24. Let d = -4 - k. Let l(i) = i**3 + i + 11. Calculate l(d).
11
Let m(p) = 7*p + 12. Let w(c) = 4*c + 6. Let k(g) = 6*m(g) - 10*w(g). Suppose -3*d = h + 18, 692*h - 694*h = -6*d - 12. Determine k(h).
0
Let i(r) = 3*r**3 - 15*r**2 - 18*r + 27. Let m(l) = -l**3 + 5*l**2 + 6*l - 8. Let k(f) = -2*i(f) - 7*m(f). Give k(6).
2
Let f be (-45)/(-6)*(-40)/6. Let a = 55 + f. Let r(u) = -u**2 + 6*u - 7. Give r(a).
-2
Let t(y) = -3*y + 10. Let f(z) = z - 11. Let s be (-6*1)/(0 - -9 - 11). Let u(j) = s*f(j) + 4*t(j). Calculate u(5).
-38
Suppose -23*f = -f + 5*f. Let k(w) = 2*w**2 - 4*w - 30. Let p(j) = -j**2 + j - 1. Let u(h) = -k(h) - 3*p(h). What is u(f)?
33
Let g(n) = -43*n**3 - 4*n**2 + 2*n - 6. Let t(j) = -151*j**3 - 12*j**2 + 6*j - 19. Let i(p) = 7*g(p) - 2*t(p). Calculate i(3).
-7
Let b(v) be the first derivative of -v**3/3 - 5*v**2/2 + 7*v - 975. What is b(-6)?
1
Suppose 2*z - 2*s = 20, 3*s - 5*s + 4 = 2*z. Let u(m) = 15*m - 13*m - 8*m**2 + 9*m**2 - 7*m - 8. What is u(z)?
-2
Let r(j) be the second derivative of j**4/3 - j**3/6 - 5*j**2/2 + 13*j - 2. Determine r(-4).
63
Suppose -17 = 2*r - 5*l, 29 = -3*r + 4*l - 0*l. Let o(p) be the second derivative of p**4/12 + 13*p**3/6 + 23*p**2/2 - 25876*p. Determine o(r).
1
Suppose -2*b = -3*s - 2, b - 59 + 53 = -s. Suppose 3*k + 4*m = 7*m, 3*k - b*m = 1. Let f(h) = -8*h. Give f(k).
8
Let a(h) be the third derivative of -6 - 17/6*h**3 - 6*h**2 + 0*h - 1/6*h**5 + 5/12*h**4 - 1/120*h**6. Give a(-11).
-6
Let s(j) be the first derivative of 2*j**2 + 16*j + 1742. What is s(-11)?
-28
Let q(c) be the third derivative of -c**4/12 - 17*c**3/3 - 281*c**2 + 2. Determine q(-14).
-6
Let c(y) = -2*y + 926344*y**2 - 926314*y**2 + 2 - 3. Determine c(-1).
31
Let n be 1 + (-59)/10 - (9/(-10) + 1). Let w(d) = -d**3 - 6*d**2 - 17*d - 65. Calculate w(n).
-5
Let v be (-29)/(-2)*6/1. Suppose -17 = -14*w - v. Let s(g) = g**2 + 4*g - 3. Determine s(w).
2
Suppose -5*l - 35 = 4*r, 11 - 4 = -l + 2*r. Let j(y) = 2*y**2 + 41*y - 19. Let m be j(-21). Let u(x) = 7